when 91 is divided by 40?
11
What is the remainder when 643 is divided by 17?
14
What is the remainder when 190 is divided by 38?
0
Calculate the remainder when 223 is divided by 112.
111
Calculate the remainder when 1326 is divided by 189.
3
Calculate the remainder when 1259 is divided by 63.
62
What is the remainder when 94 is divided by 20?
14
What is the remainder when 2472 is divided by 820?
12
What is the remainder when 10681 is divided by 98?
97
Calculate the remainder when 588 is divided by 16.
12
Calculate the remainder when 9 is divided by 4.
1
Calculate the remainder when 4703 is divided by 28.
27
Calculate the remainder when 67 is divided by 38.
29
Calculate the remainder when 909 is divided by 48.
45
Calculate the remainder when 34 is divided by 5.
4
Calculate the remainder when 132 is divided by 9.
6
What is the remainder when 1508 is divided by 43?
3
What is the remainder when 299 is divided by 102?
95
What is the remainder when 180 is divided by 82?
16
What is the remainder when 646 is divided by 211?
13
Calculate the remainder when 1404 is divided by 21.
18
What is the remainder when 1064 is divided by 83?
68
Calculate the remainder when 55 is divided by 7.
6
Calculate the remainder when 269 is divided by 136.
133
Calculate the remainder when 309 is divided by 88.
45
What is the remainder when 70 is divided by 37?
33
Calculate the remainder when 1582 is divided by 18.
16
What is the remainder when 424 is divided by 125?
49
What is the remainder when 35 is divided by 10?
5
What is the remainder when 32 is divided by 6?
2
Calculate the remainder when 133 is divided by 28.
21
Calculate the remainder when 72 is divided by 31.
10
Calculate the remainder when 271 is divided by 69.
64
Calculate the remainder when 593 is divided by 33.
32
What is the remainder when 2378 is divided by 18?
2
What is the remainder when 61 is divided by 14?
5
What is the remainder when 99 is divided by 47?
5
What is the remainder when 972 is divided by 141?
126
What is the remainder when 23 is divided by 8?
7
What is the remainder when 717 is divided by 60?
57
What is the remainder when 1663 is divided by 71?
30
Calculate the remainder when 58 is divided by 3.
1
Calculate the remainder when 2659 is divided by 12.
7
What is the remainder when 348 is divided by 104?
36
Calculate the remainder when 186 is divided by 47.
45
What is the remainder when 654 is divided by 66?
60
What is the remainder when 95 is divided by 33?
29
What is the remainder when 69 is divided by 15?
9
What is the remainder when 390 is divided by 18?
12
Calculate the remainder when 847 is divided by 791.
56
Calculate the remainder when 117 is divided by 28.
5
What is the remainder when 10 is divided by 9?
1
What is the remainder when 3451 is divided by 288?
283
Calculate the remainder when 2168 is divided by 48.
8
What is the remainder when 465 is divided by 46?
5
What is the remainder when 273 is divided by 11?
9
Calculate the remainder when 14 is divided by 4.
2
Calculate the remainder when 761 is divided by 24.
17
What is the remainder when 4318 is divided by 40?
38
Calculate the remainder when 355 is divided by 51.
49
Calculate the remainder when 422 is divided by 19.
4
What is the remainder when 2334 is divided by 7?
3
What is the remainder when 419 is divided by 105?
104
What is the remainder when 140 is divided by 69?
2
Calculate the remainder when 535 is divided by 91.
80
Calculate the remainder when 4498 is divided by 60.
58
Calculate the remainder when 653 is divided by 128.
13
What is the remainder when 518 is divided by 18?
14
Calculate the remainder when 155 is divided by 12.
11
What is the remainder when 549 is divided by 180?
9
What is the remainder when 5073 is divided by 188?
185
Calculate the remainder when 2545 is divided by 134.
133
Calculate the remainder when 1246 is divided by 212.
186
Calculate the remainder when 2665 is divided by 92.
89
Calculate the remainder when 62 is divided by 9.
8
Calculate the remainder when 42 is divided by 26.
16
Calculate the remainder when 363 is divided by 70.
13
What is the remainder when 122 is divided by 23?
7
Calculate the remainder when 118 is divided by 24.
22
What is the remainder when 1698 is divided by 34?
32
What is the remainder when 6742 is divided by 173?
168
Calculate the remainder when 693 is divided by 260.
173
What is the remainder when 1865 is divided by 465?
5
What is the remainder when 384 is divided by 9?
6
What is the remainder when 7825 is divided by 87?
82
What is the remainder when 536 is divided by 116?
72
Calculate the remainder when 94 is divided by 11.
6
Calculate the remainder when 162 is divided by 76.
10
What is the remainder when 2683 is divided by 24?
19
Calculate the remainder when 144 is divided by 112.
32
What is the remainder when 359 is divided by 344?
15
Calculate the remainder when 613 is divided by 28.
25
What is the remainder when 200 is divided by 60?
20
What is the remainder when 861 is divided by 282?
15
Calculate the remainder when 1588 is divided by 436.
280
Calculate the remainder when 3380 is divided by 238.
48
What is the remainder when 1106 is divided by 304?
194
What is the remainder when 95 is divided by 14?
11
Calculate the remainder when 1516 is divided by 31.
28
Calculate the remainder when 69 is divided by 16.
5
Calculate the remainder when 1589 is divided by 27.
23
What is the remainder when 10906 is divided by 9?
7
What is the remainder when 1022 is divided by 205?
202
What is the remainder when 53 is divided by 5?
3
Calculate the remainder when 1761 is divided by 18.
15
What is the remainder when 1316 is divided by 55?
51
What is the remainder when 338 is divided by 159?
20
Calculate the remainder when 10 is divided by 1.
0
Calculate the remainder when 102 is divided by 21.
18
What is the remainder when 28 is divided by 8?
4
What is the remainder when 1339 is divided by 17?
13
Calculate the remainder when 463 is divided by 110.
23
Calculate the remainder when 759 is divided by 10.
9
Calculate the remainder when 50 is divided by 13.
11
What is the remainder when 255 is divided by 22?
13
Calculate the remainder when 125 is divided by 8.
5
Calculate the remainder when 1514 is divided by 47.
10
What is the remainder when 49 is divided by 30?
19
What is the remainder when 361 is divided by 11?
9
Calculate the remainder when 113 is divided by 41.
31
What is the remainder when 363 is divided by 11?
0
Calculate the remainder when 7715 is divided by 17.
14
What is the remainder when 156 is divided by 42?
30
What is the remainder when 5872 is divided by 54?
40
What is the remainder when 1289 is divided by 54?
47
What is the remainder when 646 is divided by 24?
22
Calculate the remainder when 34 is divided by 25.
9
Calculate the remainder when 637 is divided by 76.
29
What is the remainder when 370 is divided by 97?
79
What is the remainder when 140 is divided by 36?
32
What is the remainder when 245 is divided by 6?
5
Calculate the remainder when 772 is divided by 66.
46
What is the remainder when 73 is divided by 28?
17
Calculate the remainder when 2277 is divided by 20.
17
Calculate the remainder when 62 is divided by 17.
11
What is the remainder when 162 is divided by 33?
30
What is the remainder when 1435 is divided by 120?
115
What is the remainder when 712 is divided by 55?
52
What is the remainder when 112 is divided by 43?
26
Calculate the remainder when 922 is divided by 77.
75
What is the remainder when 40 is divided by 6?
4
What is the remainder when 489 is divided by 49?
48
Calculate the remainder when 139 is divided by 76.
63
Calculate the remainder when 131 is divided by 33.
32
Calculate the remainder when 59 is divided by 23.
13
Calculate the remainder when 101 is divided by 29.
14
What is the remainder when 271 is divided by 21?
19
Calculate the remainder when 52 is divided by 18.
16
Calculate the remainder when 3843 is divided by 148.
143
Calculate the remainder when 499 is divided by 159.
22
What is the remainder when 18 is divided by 13?
5
Calculate the remainder when 5189 is divided by 163.
136
What is the remainder when 5818 is divided by 182?
176
Calculate the remainder when 1153 is divided by 383.
4
Calculate the remainder when 32 is divided by 10.
2
Calcu